 + -4123. What is the units digit of h?
0
Suppose 2*u - 3*a = 730, 0 = 2*u + a - 633 - 81. What is the hundreds digit of u?
3
Let k(f) = 7*f**3 - 7*f**2 - 2*f - 28. What is the tens digit of k(5)?
6
Let y = -12 - 14. Let k = y + 33. Suppose -4*p - 2*d - 77 = -k*p, -5*d + 70 = 3*p. What is the units digit of p?
5
Let h be (-12)/(-4) + (-2 - 0). Let t(o) = 48*o + 1. What is the tens digit of t(h)?
4
Suppose g + 5*p - 20 = 0, -5*g - 3*p + 2*p = 20. Let f(k) = k + 10. What is the units digit of f(g)?
5
Let f(z) = 2*z + 22. Let d be f(-11). Suppose -62 = -d*m - 2*m. Suppose m = 5*v - 3*x, 7*x + 15 = v + 2*x. What is the units digit of v?
5
Suppose -3*s = -4*y, -y + 5*s - 18 = -1. Suppose 5*b = -2*j + 416, 0 = y*b + 2*b - 2*j - 404. What is the units digit of b?
2
Let w(i) = -i**2 + 14*i + 3. Let n be w(14). Suppose 3*t + 12 = 0, t = -v + n*t + 4. What is the units digit of ((-51)/(-9))/(v/(-12))?
7
Suppose -5*s = -4*o + 2559, -4*o = -3*o - 4*s - 648. What is the units digit of o?
6
Suppose -4*d + 5 = 17. Let b be (d/1)/((-3)/8). Let h = b - 5. What is the units digit of h?
3
Suppose -2*c = 2*v - 186, 5*c - 263 = 2*v + 202. What is the units digit of c?
3
Suppose 34 = 7*r + 6. What is the tens digit of (-2200)/(-24) - r/6?
9
Let m be 1/(-2)*(-1 - -13). Suppose -f - 14 - 11 = -5*t, 4*t = -3*f + 20. What is the units digit of (-1 - t)*m/4?
9
What is the hundreds digit of (6 - (-75)/6)*28?
5
Let t be (-3)/3 + (-46)/(-2). Let d = 12 + -9. Suppose b - d*b = -4*q - t, 11 = b + 4*q. What is the units digit of b?
1
Let t(q) = 5*q**2 - 7*q**3 - 8*q - 5 + 8*q**3 + 0*q**3. Let i be t(-6). Suppose 5 + i = r. What is the tens digit of r?
1
What is the thousands digit of (0 - (-198)/24)/(6/1936)?
2
Suppose -13*j + 11283 = 2027. Suppose 0 = -u + 5*a + 158, 5*u = 4*a - 5*a + j. What is the hundreds digit of u?
1
Let d = 181 - -357. What is the tens digit of d?
3
Suppose 7*c = 2*c + 70. Suppose 4*d + 10 + c = 0. What is the units digit of (-3)/d*(-2 + 8)?
3
Suppose 14158 = 16*l - 33042. What is the units digit of l?
0
Suppose -4*a + 25 = a. Suppose -a*t + 10 = 3*y, -3*y = -6*y + 3*t + 18. Suppose 2*b = -5*n + 164, -n = -2*n - y*b + 19. What is the tens digit of n?
3
Let i(z) = -3*z**3 - z**2 - z - 1. Let b be i(-1). Suppose -x + 2*a = -4*x - 20, -5*x - b*a - 40 = 0. What is the units digit of x/(-1)*2/5?
4
Suppose 5*i - 8235 = q, 4929 = 3*i + 5*q - 8*q. What is the hundreds digit of i?
6
Let d be (2*-2)/((-26)/39). Suppose -2*h + 0*h = -d. What is the units digit of h?
3
Suppose 0 = 3*m + v - 2263, 2*v = -11 + 1. What is the hundreds digit of m?
7
Let y = -18 + 18. Suppose y = -3*c - 2*c. Suppose c = -2*n + 4*n - 82. What is the units digit of n?
1
Let c(j) = -j**3 + 10*j**2 + 10*j + 12. Let b be c(10). Let m = -34 + b. Suppose 3*p - 5*s - m = 0, 4*p - 67 = -5*s + 2. What is the units digit of p?
1
Let i(o) = 22*o - 1. Let h be i(2). Let v = h - 70. What is the units digit of (-534)/v + (-8)/(-36)?
0
Let v be -54 - -53 - (-2)/(2/3). Suppose v*n - 5*o = n - 2, 59 = 5*n - 2*o. What is the tens digit of n?
1
Let z = -1011 + 1988. What is the hundreds digit of z?
9
Suppose 3*m - 6 - 6 = -3*j, j = -4*m + 4. Suppose v + 31 - 49 = m. Suppose 0 = -15*h + v*h - 69. What is the tens digit of h?
2
Suppose 3*u = 2*l + 67, 5*l - 3*u - u + 171 = 0. Let p = 83 - l. What is the tens digit of p?
1
Suppose x = 4*z - 848, 0 = -2*z + z + x + 212. Suppose 4*m - 160 - z = 0. What is the tens digit of m?
9
Let k = 1414 + -893. What is the units digit of k?
1
Let i(f) = 41*f + 33. Let s be i(8). Suppose 12 = -2*u - u, 0 = -5*n - u + s. What is the tens digit of n?
7
Suppose 0 = 2*q - 3*w - 776, 6*w = 4*w - 4. Suppose -27*f = -22*f - q. What is the units digit of f?
7
Let g(x) = 158*x**2 - 54*x - 43. What is the thousands digit of g(5)?
3
Suppose 6*h = h. Suppose -z + 5*z + 36 = h. Let k = z - -14. What is the units digit of k?
5
Let j be (3 + -3)*-1 - -4. Suppose -5*p - j*q - 6 = 0, 0*q + 6 = p - q. Suppose 0 = -p*f + r + 54, -r = 5*f - 2*f - 76. What is the units digit of f?
6
Let h = -15 - -16. Let p = h + 34. What is the tens digit of p?
3
Let a = 1217 + -748. Suppose a = 5*s - 16. What is the tens digit of s?
9
Let l(j) = -j**3 - 4*j**2 - 2*j + 5. Let a be l(-3). Suppose a*r + o = 3*r - 23, -3*r + 62 = 4*o. What is the units digit of r?
2
Let u(i) = 175*i**2 + 4*i - 5. What is the hundreds digit of u(2)?
7
What is the units digit of (-1 + -133)*143/(-26)?
7
Let m(h) = -4*h**3 - h**2. Let j be 30/42 - (-8)/28. Let q be m(j). What is the tens digit of (3 - 125/q)*3?
8
Let x = 45 - -132. What is the units digit of x?
7
Let s = 73 + -139. Let g = -30 - s. What is the units digit of g?
6
Let y(s) = -s**2 + 61*s + 135. What is the tens digit of y(49)?
2
Suppose -3*y = -q - q - 5420, -5*y + 9030 = -5*q. What is the units digit of y?
8
What is the units digit of 5126/7 - 222/777?
2
Suppose 6 = -3*b + 5*b. Suppose 3*j - 31 = -b*s + 2, -3*s = -4*j + 72. Suppose -4*a + 37 + j = 0. What is the units digit of a?
3
Let l = -674 + 56. What is the units digit of l/(-12)*(4 - -2)?
9
Let c(d) = d**3 + 5*d**2 + 4*d. Let h be c(-3). What is the tens digit of 204*3/h + 0/(-2)?
0
Suppose 27*i - 35*i = -3360. What is the hundreds digit of i?
4
Let s = 253 - 124. Suppose -s = -0*r - r. What is the hundreds digit of r?
1
Suppose 4*r - 160 = 2*s, -r - 2*r = -s - 120. Suppose -32*g = -5 - 27. Let a = r + g. What is the units digit of a?
1
Let j(k) be the second derivative of 2*k**2 + 8*k + 0 + 1/3*k**3. What is the tens digit of j(4)?
1
Let t be (-2)/2 + (2 - 5). Let b be 160/(-24)*(-6)/t. What is the tens digit of (3 - 13)/(2/b)?
5
Let j be (-5)/15*1*3. Let d(v) = -211*v - 10. What is the hundreds digit of d(j)?
2
Let s(t) = -3*t**3 - 21*t**2 - 69*t + 27. Let u(m) = m**3 + 11*m**2 + 35*m - 14. Let f(a) = -2*s(a) - 5*u(a). What is the hundreds digit of f(16)?
1
Suppose 2*t = -2*m + 342, -t + 859 = 5*m + 3*t. What is the hundreds digit of m?
1
Suppose k + 3*x = 3, 2*k - 3*x = 5*k + 9. What is the tens digit of 19 - (4/6)/(k/(-9))?
1
Let s be 0/((-55)/65 + 6/(-39)). Suppose -22*k + 31*k - 9 = s. What is the units digit of k?
1
What is the tens digit of (37 - -148)*(8/10 - 0)?
4
Suppose w - 6 = -5*z, 0*w - 2 = 3*z + 2*w. Let a(b) = 7*b**2 - b. What is the tens digit of a(z)?
2
Let h(w) = w**2 + 10*w + 18. Let v be h(-8). Suppose 2*z = -v*z. Suppose z = 5*u - k - 16, -4*u = -2*u - 5*k + 12. What is the units digit of u?
4
Let z(q) = -2*q**3 - 3*q**2 - 9*q - 3. What is the tens digit of z(-4)?
1
Suppose 4*s - 11*j - 9878 = -9*j, -5*j = 5. What is the hundreds digit of s?
4
Let w = -18 + 38. Let g be (-27)/(-18)*w/6. Suppose 5*i = g*t + 150, -i + 0*i = t - 40. What is the units digit of i?
5
Let q = -10 - -12. Suppose -z - 2*l + 14 = 0, z + l = -q*z + 42. Suppose -z - 26 = -5*b. What is the units digit of b?
8
Suppose -4*p - 3*t + 2 = -6*p, -2*p - 5*t - 18 = 0. Let n be p*(2 + 10/(-2)). Suppose 2*q = 2 + n. What is the units digit of q?
7
Let y = -3 + 7. Suppose r + 2*k - 11 = 28, y*k - 49 = -r. What is the tens digit of r?
2
Suppose -715 = 4*x + 5*l - 4028, 0 = -x + 2*l + 825. What is the tens digit of x?
2
Let r(u) = -103*u + 1. Let x be r(-1). Let l = x - -12. What is the tens digit of l?
1
What is the hundreds digit of 1500/1*24/48?
7
Let g be 14/(-21) + (-97)/3. Let t = g - -95. What is the tens digit of t?
6
Let r(f) = 9*f**3 - 2*f - 1. Let a be r(-2). Let l = -41 - a. What is the tens digit of l?
2
What is the units digit of ((-119)/2)/(26/(-104))?
8
Suppose 3*y + 5*b - 3434 = 0, -3*y + 4*y + b = 1148. What is the units digit of y?
3
What is the units digit of 93 + (5 - -1) - 0?
9
Let j(z) = -5*z**3 - z. Let p be j(1). Let h(l) = l**3 + 5*l**2 - 7*l - 1. Let s be h(p). What is the tens digit of -12*(-2)/6*s?
2
What is the thousands digit of 28/(-42) - 15976/(-6)?
2
Suppose 5*t + 3*h + 48 = 0, 4 = -0*h + h. Let n be (t/(-9))/((-1)/(-6)). What is the units digit of 100/n*(-16)/(-10)?
0
Suppose 4*l + 25 = -3*q - 9, -l = -5*q + 20. What is the hundreds digit of (-1138)/l - (126/(-30) + 4)?
1
Let u = 288 - 91. Suppose 0 = 2*a - u - 19. What is the tens digit of a?
0
Suppose h - 2*n + 83 = -5*n, 4*n = -8. Let i = h - -342. What is the tens digit of i?
6
Let u(p) be the third derivative of -p**7/1008 + p**6/144 +